uppose 5*l = 3*c - 41, 16 = -0*c + c - 4*l. Suppose -4*b + 15 = k, -k - c = -2*b - 3. Let d = k - -13. What is the highest common divisor of 12 and d?
12
Suppose h - 4 - 18 = 4*j, 2*j + 20 = 2*h. Let y be 2/9 + 50/18. Suppose 5*w - 108 = y*w. What is the highest common divisor of h and w?
6
Let g(q) = 8 - 3*q**2 + 4*q**2 + 20. Let d(f) = -f**2 - 3*f. Let n be d(-3). Let l be g(n). What is the highest common divisor of 4 and l?
4
Let w be ((-9)/2)/((-30)/200). Suppose -i + 3*u = 3, 2*i - 18 = -2*i + 2*u. Calculate the highest common factor of w and i.
6
Let z be (-121)/(-7) + -4 + 2/(-7). Calculate the greatest common divisor of 13 and z.
13
Suppose 0 = b + 3*o - 35, -4*b = -2*o + o - 114. Suppose -b = -2*i + r, -r + 2*r = 4*i - 57. Suppose i = 4*d - 2. What is the highest common factor of d and 44?
4
Suppose -4*x = 5*a + 4, 3*a + 0*a = -3*x - 3. Let j be (a - 2 - 5)*-2. Calculate the highest common divisor of j and 112.
14
Let p = -15 + 22. What is the greatest common factor of 7 and p?
7
Let n(k) = -k**3 + 3*k**2 + 6*k + 3. Let m be n(-2). What is the highest common divisor of 22 and m?
11
Suppose 4*u + 54 = 6*u. Calculate the greatest common factor of 18 and u.
9
Suppose -q - 1 = 0, 4*s - 82 = -3*q + 3. What is the greatest common factor of s and 33?
11
Let q be (-24)/15 - 6/15. Let y be 22/q*(2 - 3). What is the greatest common divisor of 99 and y?
11
Let u(h) = -h**2 - 11*h - 14. Let i be u(-6). Calculate the highest common divisor of 40 and i.
8
Let g(h) = -h + 12. Let d be g(7). Suppose -d*m - 121 = -6*m. Calculate the greatest common divisor of 11 and m.
11
Suppose -4*m - 3*i = -2*m - 27, 3*i + 33 = 3*m. Let r be 6*32/m - 1. Let c be 1046/14 - 2/(-7). Calculate the greatest common factor of r and c.
15
Let i(l) = l**3 + 6*l**2 - l - 1. Let y be i(-6). Let z = -3 + y. Let v = 3 + -2. Calculate the highest common divisor of v and z.
1
Suppose 0 = 5*l + 4*m + 12, -2*l + 2*m + 12 = -2*m. Suppose 0 = -v - l*v + 21. Suppose -3*q = -4*q + v. What is the greatest common factor of 14 and q?
7
Let p(l) = 8*l - 5. Let t be p(5). Calculate the greatest common factor of t and 14.
7
Suppose -10 = -a - 5. Let l(m) = 8*m + 3. Let h be l(4). Calculate the greatest common divisor of h and a.
5
Suppose 0 = 5*v - 6*q + 2*q - 4938, -3*q = -9. Suppose 4*d - v = -d. What is the highest common divisor of 18 and d?
18
Suppose 2*n = 10, 3*n = -2*d - 3*d + 435. Calculate the highest common divisor of 12 and d.
12
Let i = 59 + -39. Suppose -532 = -37*d + 208. Calculate the greatest common factor of i and d.
20
Let z = 13 - 12. Let d be 28/35*35*z. What is the greatest common factor of d and 7?
7
Let b be (-2)/(3/((-9)/2)). Let i be 6/9 + 7/b. What is the highest common divisor of i and 12?
3
Let g(a) = -307*a - 2. Let m be g(-1). Let h be 1/(-6) + m/30. Calculate the highest common factor of h and 30.
10
Let s = -9 + 6. Let v(w) = -w**2 - 3*w + 2. Let l be v(s). What is the greatest common divisor of l and 2?
2
Suppose -10*h + 360 = -340. What is the greatest common divisor of h and 14?
14
Suppose -5*v + 2*h + 22 = 0, 2*v + 4*h - 13 = 15. Let g be 4/(-6)*v*-4. What is the highest common factor of 48 and g?
16
Suppose -3*p + c + 2*c = -72, -5*p + 3*c = -120. Calculate the greatest common divisor of p and 3.
3
Let i be 132/28 + (-4)/(-14). Suppose 0 = 5*u - 5*z, -4*u + 3*u + 12 = i*z. Calculate the greatest common divisor of 6 and u.
2
Suppose -9 = -4*n - p + 11, 12 = -2*n + 5*p. Calculate the greatest common factor of n and 32.
4
Let l(i) = -4*i**2 - 3*i**2 - 9*i**3 - 3*i - 3 + 4*i**2. Let j be l(-2). What is the highest common factor of j and 7?
7
Suppose -2*b + 2*h + 0*h = -14, -5*b + 75 = 5*h. What is the greatest common divisor of 88 and b?
11
Let f(b) = 8*b + 3*b**2 + 2 - 2 + 3 + 0*b**2. Let q be f(-5). Suppose 4*z + p + 21 = 5*z, -2*z + 3*p + q = 0. What is the greatest common divisor of 5 and z?
5
Suppose -21*y - 1950 = -27*y. Calculate the greatest common divisor of y and 25.
25
Let k be (0 + -24)/(-3 + 1). Let z be -2 - ((0 - -1) + -63). What is the greatest common divisor of z and k?
12
Suppose -4 = -36*d + 34*d. Calculate the highest common factor of d and 16.
2
Let h be (-9)/((-27)/(-12)) + 104. What is the greatest common factor of h and 40?
20
Let l(q) = 4*q - 6. Let b be l(9). Calculate the highest common factor of b and 330.
30
Let r = 4 + 0. Let k be r*(-3)/(-6) - -3. Suppose -l + 48 = -2*s + 6*s, 3*l - 130 = -k*s. What is the highest common factor of l and 8?
8
Suppose s + 4*k = 21 + 79, -4*s = -5*k - 463. Let z(b) = 7*b - 7. Let q be z(3). What is the greatest common factor of s and q?
14
Let o = 17 - 34. Let f = o - -26. Calculate the highest common divisor of 6 and f.
3
Let s be ((-2)/(-3))/((-6)/(-747)). Let c = -47 + s. Calculate the greatest common factor of c and 288.
36
Let p be (-2)/(-3)*6/(-2). Suppose 7*c = -5*b + 2*c - 10, -2*b = 4*c - 4. Let l = p - b. Calculate the highest common divisor of 36 and l.
4
Let n be (-168)/(-35)*1*5. Suppose 4*r + 4*t = n, 4*r - t - 3*t = 56. What is the greatest common factor of 50 and r?
10
Suppose 2*s + 10 - 42 = 0. Suppose 4*t - 103 = -39. Calculate the highest common factor of t and s.
16
Let q be (-1684)/(-20) + 2/(-10). Suppose -q + 14 = -5*s. Let a be (90/(-7))/((-2)/s). What is the highest common divisor of a and 10?
10
Let z(m) = -m**3 - 6*m**2 - 3. Let g be z(-6). Let h = -5 - g. Let i = 9 - h. Calculate the greatest common divisor of i and 33.
11
Suppose 11*h - 12*h = -70. Calculate the highest common factor of 10 and h.
10
Let m(u) = u**3 - 6*u**2 + 4*u - 4. Let r be m(6). What is the highest common divisor of 5 and r?
5
Let w(f) = 0 + 8*f**2 - 5 - 5*f + 6. Let l be w(5). What is the greatest common divisor of l and 22?
22
Suppose 5*s + 2*c - 110 = 0, 3*s + c = 4*c + 87. What is the highest common divisor of 36 and s?
12
Let q(y) = -y**2 - 4*y + 8. Let d be q(-6). Let g be 2/(-4) - 26/d. Calculate the greatest common factor of g and 15.
3
Suppose -h = 5*u - 272, 127 + 26 = 3*u + 4*h. Calculate the greatest common divisor of u and 44.
11
Let s be 366/(0 + 2) + -1. Suppose -250 = -4*v - 3*r, s = 3*v - 0*v + 5*r. Suppose 0 = -8*m + 11*m - 24. Calculate the greatest common factor of m and v.
8
Let g(f) = 2*f + 136. Let o be g(-8). Suppose 0 = -4*x - 3*v + v + 68, -4*x - 5*v = -80. What is the highest common factor of x and o?
15
Let p = -1 + 4. Suppose p*y = y + 1108. Suppose -3*d - y = -5*x, -6*x + 2*x = 2*d - 452. Calculate the highest common divisor of x and 14.
14
Suppose 2*z + 20 = 7*z. Suppose 68 = -z*p + 5*p. Suppose -q = -n - 14, q - n - 20 = -2*n. Calculate the greatest common divisor of q and p.
17
Suppose 2*l = 3*x - 17, l - 1 = 4*x - 22. Suppose x*z = -22 + 72. Calculate the greatest common factor of 110 and z.
10
Let h = -288 + 491. What is the highest common divisor of h and 29?
29
Suppose 2*u = -4*n + 125 - 39, -2*n - 167 = -5*u. What is the greatest common divisor of u and 35?
35
Suppose -169 - 57 = -2*o - 4*q, 0 = -2*o + 3*q + 240. What is the highest common divisor of 13 and o?
13
Let s be 40*(-3 + 17/5). Suppose -5*j + i = -41, 2*j - 5*j + i = -23. Suppose j = -3*g, y + 16 = g + 43. What is the greatest common divisor of y and s?
8
Let o = 7 - 7. Suppose -2*g + 16 = 4*q, -12 = -o*q - 3*q + g. Suppose 0 = -5*u - q*b + 121, 3*b + 3 = -0. What is the highest common divisor of u and 10?
5
Let w = 14 + -14. Suppose w = -x - 4*d + 11, -4*x - 3*d + 3 = -5*x. Suppose 6*c - 4*c = 18. What is the greatest common divisor of c and x?
3
Let c be (-245)/(-30) - 3/18. What is the highest common factor of c and 72?
8
Let x = 36 - 29. Calculate the highest common divisor of 28 and x.
7
Suppose w = 2*w + 1. Let t be ((w + 3)*13)/2. Let f be (-2)/6 - t/(-3). What is the greatest common divisor of f and 1?
1
Suppose -y = q - 15, -2*q + y + 35 = 4*y. Let k(n) = 16*n + 8. Let j be k(q). Let c be (j/(-20))/(3/(-40)). What is the greatest common divisor of 16 and c?
16
Let k(j) = j**3 + 11*j**2 + 4*j - 10. Let x be k(-10). Calculate the highest common divisor of x and 20.
10
Let f(g) = 6*g - 24. Let x be f(10). Calculate the highest common factor of x and 54.
18
Let x(u) = u**2 - 25*u + 27. Let i be x(24). Calculate the highest common divisor of i and 8.
1
Let a be 6/12 + (-211)/(-2). Let x = 27 